f) = 11*w(f) + 4*x(f). What are the prime factors of s(8)?
2, 11
What are the prime factors of 564/(-36)*-17*3?
17, 47
Let d = -980 - -1548. What are the prime factors of d?
2, 71
Suppose -5*k + 94 = 5*g + 4, -g - 3*k = -10. Let y = g - -159. What are the prime factors of y?
181
What are the prime factors of ((-235571)/63 - 12/(-54))*-1?
3739
Let k(t) = -t**3 - 5*t**2 + 2*t + 6. Let m be k(-5). Let p be -2 - (m - -1 - 16). Let u = p + 1. What are the prime factors of u?
2, 3
Let m(z) = -z**2 - 13*z - 10. Let j be -8 + 12/((-3)/1). Let f be m(j). Suppose f*d - 37 = -t - 2*d, 3*t - 79 = -4*d. List the prime factors of t.
3, 7
Let q(l) = -l**3 + 9*l**2 - 3*l - 5. Let j be q(7). Suppose 3*y + m + 19 = -130, -3*y + m = 145. Let s = j + y. List the prime factors of s.
23
Let a be (10/(-8))/(3/(-252)). Let z = 185 - a. Suppose 5*w - z = -0*w. What are the prime factors of w?
2
Suppose 2*m + 3*m = -2*h + 53, -4*m + 100 = 4*h. Suppose 2*r - 5*r = -h. What are the prime factors of r?
2
Suppose -314 = -3*v - 5*q, 3*q + 292 = 5*v - 254. Let l = 243 - v. What are the prime factors of l?
3, 5
Let z = -623 + 1262. What are the prime factors of z?
3, 71
Suppose 0 = -5*w + 9*w - 3*s - 5, -5*s - 17 = 2*w. Suppose -2*o = 4 + 24. What are the prime factors of (o/5)/(w/5)?
2, 7
Suppose 0 = 3*x + 2*x - 3*p - 270, -5*x + 5*p + 260 = 0. Suppose -2*c = -c - x. List the prime factors of c.
3, 19
Let k(z) be the second derivative of -13*z**3/6 + 2*z. Let n be (-1)/((-1 - -4) + -2). List the prime factors of k(n).
13
Let u(y) = -y**3 + 10*y**2 + 15*y - 11. Let k be u(11). Let a = k + 119. What are the prime factors of a?
2, 19
Suppose 2*f + 12 = 3*h, -f = -5*h - 1 - 7. List the prime factors of 9/f - (-275)/20.
13
Suppose -5*j - 86 + 616 = 0. Let y = j + -65. List the prime factors of y.
41
Let m be 1/4*-2 + (-66)/(-12). Suppose 11 = m*s - b - 0*b, 3*b = -4*s + 24. List the prime factors of s.
3
Let q = -173 - -446. List the prime factors of q.
3, 7, 13
Suppose s + 2*l - 509 = 0, -3 + 18 = -5*l. List the prime factors of s.
5, 103
Suppose 2*r - 56*h = -57*h + 4120, -h = -3*r + 6190. What are the prime factors of r?
2, 1031
Suppose 151*p = 167*p - 38320. What are the prime factors of p?
5, 479
Let r(z) = z**2 + z + 749. List the prime factors of r(0).
7, 107
Let f be (-6)/(-9) - (-1)/(9/102). What are the prime factors of 6/f*(-16)/(-1)?
2
Suppose -14*n + 11*n + 276 = 0. Let o = n - -24. List the prime factors of o.
2, 29
Let q(a) = -46*a**3 - 3*a**2 - 2*a + 1. Let m be q(-2). Suppose z - 184 = 2*c, -415 = -4*z - 2*c + m. Suppose 3*s + s - z = 0. List the prime factors of s.
2, 3
Let h(i) = 2*i - 29. Let s be h(15). List the prime factors of s*(-1002)/(-9) - (-14)/(-42).
3, 37
Let x be (-2)/(-4) + 10/4. Let h be 1/x - (-56)/(-24). Let u = h - -28. What are the prime factors of u?
2, 13
Let w(i) = i**2 + i - 24. Let h(k) = 1. Let m(t) = -3*h(t) - w(t). Suppose -2*q = -4*a + 16, -6*a + 4 = -2*q - 5*a. What are the prime factors of m(q)?
3, 7
Suppose -2*q - 7 = -23. Suppose -3*s + q*s + 2*f = 355, 3*s - 213 = -2*f. What are the prime factors of s?
71
Suppose 232 = 5*a - x, 192 = -2*a + 6*a - 4*x. Let v = 69 + a. List the prime factors of v.
5, 23
Suppose 61*n + 82 = 63*n. What are the prime factors of n?
41
Let o(g) = -7*g + 43. What are the prime factors of o(-22)?
197
List the prime factors of 6/(-21) - (-229860)/126.
2, 3, 19
List the prime factors of 20/(-6)*(-29643)/205.
2, 241
Let w = 1482 - 868. What are the prime factors of w?
2, 307
Suppose -3484 + 1063 = -9*r. List the prime factors of r.
269
Suppose -4*h = -4*j, 0 = 2*j - 5*h + 6 + 9. Let c(u) = u**3 - 4*u**2 - 4*u + 7. Let x be c(j). Let w = -6 + x. What are the prime factors of w?
2, 3
Suppose -4*i + 63 = -33. Let w(d) = -7*d**3 + d + 1. Let m be w(-1). Let j = i - m. List the prime factors of j.
17
Let z(p) = p + 4. Let h be z(-8). Let d be ((-42)/35)/(h/10). What are the prime factors of -43*(-1 + (d - 3))?
43
Let x be ((-16)/10)/((-1)/(-5)). Let v be 318/x - 6/24. Let c = 67 + v. What are the prime factors of c?
3
Suppose -3*w + 2 = -2*n - 2, -4*n = w + 22. Let o(y) = -5*y - 1. Let p(s) = -24*s - 4. Let r(z) = 11*o(z) - 2*p(z). What are the prime factors of r(n)?
2
Suppose -2*h + 134 = 2*h + 5*k, 5*h + 3*k = 161. Let l(z) = 9*z**2 + 5*z - 2. Let s be l(2). Let r = s + h. List the prime factors of r.
3, 5
Let d(l) = -221*l - 79. List the prime factors of d(-4).
5, 7, 23
Let l(k) = 5*k + 12. Let d be l(-20). Let f = -18 - d. List the prime factors of f.
2, 5, 7
Let f be ((-22)/5)/((-8)/(-120)). Let p be (3 + -4)*f*-3. List the prime factors of p/(-4) - (-3)/(-6).
7
Suppose -2*v = -3*j - 215, 3*v + 0*j - 329 = -2*j. Let z = 157 - v. Let y = z - 4. List the prime factors of y.
2, 11
Let j be 1360/56 + 2/(-7). Suppose 1158 = -j*p + 30*p. What are the prime factors of p?
193
Let u(n) = 189*n - 38 + 32 - 483*n. What are the prime factors of u(-1)?
2, 3
Let f(d) = 27*d**2 - 11*d + 82. What are the prime factors of f(5)?
2, 3, 13
Let b = 499 - 55. What are the prime factors of 2/((4 + 0)/b)?
2, 3, 37
Let h(z) = z**2 + 7*z + 12. Let t be h(-5). Let g be (11/t)/((-1)/(-4)). Let a = g + -8. What are the prime factors of a?
2, 7
Suppose 3*t - x - 573 = 0, 5*x + 619 = 4*t - 156. Suppose 2*u + 318 = 4*z, 4*z - 143 - t = 5*u. What are the prime factors of (-40)/(-7) - (-22)/z?
2, 3
Suppose 6728 = 4*r + 4*r. What are the prime factors of r?
29
Suppose 4*y + y - 10 = 0. Suppose -z + w - 2 = 0, y*w + 4 = -5*z + 22. List the prime factors of z.
2
Let f(c) = -3*c - 34. Let g be f(-13). What are the prime factors of (10/(-9))/g - 4396/(-18)?
2, 61
Let j = 26 - 22. Suppose 0 = u + 3*y - 13, 5*u - 3*y - 37 = -j*y. What are the prime factors of u?
7
Let p = 43 - 18. Suppose p = 4*n - 39. List the prime factors of n.
2
Suppose -27*t = -0*t - 25812. What are the prime factors of t?
2, 239
Let u(p) = 695*p**2 + 5*p + 2. List the prime factors of u(-1).
2, 173
Let w be 4*(-6)/(-4)*-1. Let b be (-3 + -1)*w/(-4). What are the prime factors of ((-42)/35)/(b/80)?
2
Let x(l) = l**3 + 12*l**2 + 15*l + 12. Let q be x(-11). Let y be q/16 - -1*58. Let d = -14 + y. What are the prime factors of d?
2, 3, 7
Let c(s) = 39*s**2 - 6*s + 5. List the prime factors of c(-6).
5, 17
Suppose 6*h - 813 - 957 = 0. What are the prime factors of h?
5, 59
Let i = -9 + 11. Suppose -f + 1 = -i*b + 16, 0 = 5*b - 4*f - 39. Suppose 3*a - 5*m = 37, 4*m - b + 67 = 4*a. What are the prime factors of a?
19
Let x be 11314/(-26) + (-4)/(-26). Let a = x + 645. What are the prime factors of a?
2, 3, 5, 7
Let k be ((-7)/2)/(2/20). Let v = k - -41. Suppose v*a = 3*a + 210. What are the prime factors of a?
2, 5, 7
Let v(j) = 3*j + 2. Let s be v(0). Suppose -3*r - 10 - 29 = -g, 0 = -5*g + s*r + 195. What are the prime factors of g?
3, 13
Let f(m) be the second derivative of m**3/2 + 27*m**2 - 16*m. List the prime factors of f(-13).
3, 5
Let k be (3 + 3)/(-1 - 38/(-37)). Let m = -18 + k. What are the prime factors of m?
2, 3, 17
Suppose 8*w + 142 = 3390. List the prime factors of w.
2, 7, 29
Let k(c) = -c**3 + 33*c**2 - 70*c - 58. What are the prime factors of k(30)?
2, 271
Let g = 88 + -83. Suppose -5*m - 385 = -g*v, -4*m - 119 - 39 = -2*v. List the prime factors of v.
3, 5
Let d(q) be the third derivative of 9*q**4/8 - q**3 - 11*q**2. What are the prime factors of d(3)?
3, 5
Let l = -1614 - -3123. What are the prime factors of l?
3, 503
Suppose 0*f - 4*f - 2*y = -312, 0 = -5*f + y + 390. What are the prime factors of f?
2, 3, 13
Suppose -2*t - 8 = -4*t + 2*n, 5*n + 25 = 0. What are the prime factors of t*(-183 - -3)/4?
3, 5
Let l be 6/(-4)*(-880)/15. What are the prime factors of 9488/l + (-4)/(-22)?
2, 3
Let s = -144 - -87. Let z = 99 + s. What are the prime factors of z?
2, 3, 7
Let b be -1*(-2 - (3 + -16)). Let j = 26 + b. What are the prime factors of j?
3, 5
Let d(l) = 2*l**2 + l + 11. Let v(n) be the third derivative of -5*n**4/24 - n**3/6 + 9*n**2. Let g be v(-1). What are the prime factors of d(g)?
47
Let g(x) = 108*x**2 + 2*x - 3. Suppose 0 = 2*u - w - 3 + 2, 0 = 3*u - 3*w. List the prime factors of g(u).
107
What are the prime factors of (-1 - 1378)*(-45 - -44)?
7, 197
List the prime factors of ((-762)/2)/(472/(-56) - -8).
7, 127
Let k = 570 - 286. Suppose -k = -3